mmon factor of v and a?
25
Let h be 3/(-6)*6*(-1)/3. Suppose g - h = 9. Calculate the greatest common divisor of g and 70.
10
Let s(z) = -28*z - 3 + 0 + 4 - 2. Let j be s(1). Let v = j + 64. Calculate the greatest common divisor of 14 and v.
7
Let l(w) = w**3 - 5*w**2 - 3*w - 5. Let b be l(7). Suppose -32*t + 48 = -30*t. Calculate the highest common factor of t and b.
24
Let q(m) = 16*m - 3. Let r be q(3). Let x(l) = 5*l**3 - l**2 - 24*l + 25. Let u be x(1). Suppose -u*n = -r + 5. What is the greatest common divisor of n and 4?
4
Let x(r) = -r - 1. Let p be (-1)/(-2) + (-30)/4. Let c be x(p). Let y be c*(-7)/((-63)/24). What is the greatest common factor of 144 and y?
16
Suppose 2*a + f = 5, -16 = -5*a + 2*f + 19. Let l(b) = -2*b**2 + 8*b - 12. Let g be l(a). Let v = g + 30. Calculate the highest common divisor of 72 and v.
8
Let d(r) = r**3 + 19*r**2 + 28*r - 53. Let h be d(-17). Calculate the highest common divisor of h and 70.
7
Let j = 33 - 52. Let a = -3 - j. What is the highest common factor of a and 24?
8
Suppose 108 = -4*w + 128. Calculate the highest common divisor of w and 830.
5
Let t = 53 + -28. Let k = 55 - t. What is the highest common factor of k and 45?
15
Suppose -2*p - 2*q - 22 = 0, 2*q = 3*p - 0*p + 33. Let r be 22/p - (0 - 13). Calculate the greatest common factor of r and 55.
11
Let i be 1/(-3) + 4110/18. Let w be 2/4 + 23/2. What is the highest common divisor of w and i?
12
Suppose -b + 91 = 5*k + 17, -46 = -3*k + b. Suppose -s + 1250 = -5*j, 2*s = j + 2*j + 750. Let y = -175 - j. What is the greatest common divisor of k and y?
15
Let y = -5 + 10. Suppose -4*j + 3*j + 1 = p, 3*j = -4*p + 5. Suppose -6 = p*f - 36. What is the greatest common factor of y and f?
5
Let g = -267 + 173. Let y = -64 - g. Calculate the highest common divisor of y and 3.
3
Let y(u) = -34*u - 153. Let m be y(-6). Calculate the greatest common divisor of 51 and m.
51
Let m be (-6)/12 - (12/8 - 3). What is the greatest common factor of m and 101?
1
Let k = 180 + -58. Let m = -62 + k. Suppose c = -2*g + m + 77, 3*c - 3 = 0. Calculate the highest common divisor of g and 17.
17
Suppose b = z - 9, -5 = -0*z - 5*z - 5*b. Suppose -5*u - 3*o = -213, z*o + 110 = -2*u + 4*u. Calculate the highest common divisor of u and 5.
5
Let l = -329 - -355. Calculate the greatest common factor of 13 and l.
13
Let u be 9/(-24) + (204/32)/1. Calculate the greatest common divisor of 17 and u.
1
Suppose -4*d + 4*n = -632, 2*d - 5*d + 2*n = -478. What is the greatest common factor of d and 18?
18
Let j = -49 - -89. Suppose y = -y - j. Let b = y + 25. Calculate the greatest common divisor of 45 and b.
5
Suppose -10*y = -11*y + 102. Let k be (y - (0 - -4)) + -2. What is the greatest common factor of k and 24?
24
Let q(l) = 92*l**2 + 8*l + 6. Let r be q(-1). Calculate the greatest common divisor of r and 960.
30
Let g(p) = -6*p + 150. Let y be g(-11). Calculate the highest common divisor of y and 72.
72
Suppose 0 = -5*h - 10 + 70. Calculate the highest common factor of 20 and h.
4
Let c(a) = -17*a - 159. Let z be c(-11). Let l = 31 + -17. Calculate the greatest common factor of l and z.
14
Let y(t) be the second derivative of t**5/10 + t**4 - t**2/2 - 26*t. Let w be y(4). Suppose -3*n + 0*n = -87. Calculate the highest common factor of w and n.
29
Let z(b) = -b**3 + 5*b**2 - 3*b. Let p be z(3). Let a be 1643/155 - 2/(-5). Suppose 0 = 7*r + a - 18. What is the greatest common factor of p and r?
1
Suppose 0 = -26*a + 238 + 490. What is the highest common divisor of 700 and a?
28
Let a be (2/5)/((-22)/880). Let h be 339 + a/(-6) + (-8)/12. What is the greatest common divisor of 31 and h?
31
Let b = -839 + 874. What is the highest common divisor of b and 357?
7
Suppose 28*f = 25*f + 6. Let g be (2/1 - f)/(-3). Suppose 2*r + 4*z - 48 = 0, -4*z + 6 = -r - g*z. Calculate the greatest common divisor of r and 7.
7
Let b(h) = h**3 + 2*h + 3. Let f be b(3). Let l be (0 + 8)/(-4)*-2. Suppose l*v - 2*v = 18. Calculate the highest common divisor of v and f.
9
Suppose -l + 15 = -0*l. Let d be (-386)/(-4) + 8/(-16). Let z = 231 - d. Calculate the highest common divisor of l and z.
15
Let v(s) = -50*s + 206. Let y be v(3). What is the highest common divisor of y and 168?
56
Let z(c) = 44*c - 373. Let y be z(14). What is the highest common factor of 99 and y?
9
Let r(b) be the second derivative of -6*b + 0 - 23/3*b**3 - b**2. Let y be r(-1). What is the greatest common divisor of 11 and y?
11
Let s(p) = -21*p**3 - 6*p**2 - 2*p + 1. Let u be s(-1). Calculate the greatest common divisor of u and 414.
18
Suppose 43*r = 39*r - o + 1011, -5*r + 1269 = 3*o. Calculate the highest common factor of 24 and r.
12
Suppose 2*n + 6 = 5*k, -3*k + 10 = 2*k. What is the greatest common factor of 118 and n?
2
Let q(r) be the third derivative of r**5/60 - 3*r**4/8 - 13*r**3/3 - 11*r**2. Let c be q(12). Calculate the highest common divisor of 50 and c.
10
Suppose -2*v + 4*f - 7 - 5 = 0, -5*v - 2*f + 30 = 0. Suppose -5*h = v - 319. What is the greatest common factor of 42 and h?
21
Let b be (-2 + 145)*(-1)/(-4 + 3). What is the greatest common factor of 26 and b?
13
Suppose 0 = 2*y - 5*t - 3, -2*y + 6*y - 2*t = 14. What is the highest common divisor of 36 and y?
4
Suppose 2*v - 171 = h, -2*h - 44 = 3*v - 297. Calculate the highest common factor of v and 51.
17
Let y = 5 - -3. Suppose 16 + y = 2*z. Let w be 145/2 + (-6)/z. Calculate the greatest common factor of w and 8.
8
Let d(a) = -a**3 + 7*a**2 - 2*a - 1. Let s be d(5). Suppose -m - s = -54. Calculate the greatest common factor of m and 6.
3
Suppose -2*g + 1526 - 580 = 0. What is the greatest common factor of g and 301?
43
Let x be -12*(-10)/720 - (-1725)/18. What is the greatest common divisor of 144 and x?
48
Let s = 41 - 17. What is the greatest common divisor of 276 and s?
12
Let s(n) = -n**3 + 8*n**2 - 8*n + 17. Let b be s(7). Let a = 563 + -313. Calculate the greatest common divisor of a and b.
10
Suppose -13*q - 2 = -15*q. Let n be 1*(-3 + 56) - q. Calculate the greatest common divisor of 468 and n.
52
Let l = 8 - -1. Let c = 72 + -112. Let r = c - -43. What is the highest common factor of r and l?
3
Let d = 55 - 45. Suppose 0*i - 5*q = -2*i + 145, -4*i - q + 279 = 0. What is the greatest common factor of i and d?
10
Let i(p) = -p**3 - 27*p**2 + 161*p + 35. Let d be i(-32). Let o be 1/(3 - (-6)/(-3)). Suppose 0 = 5*h - 6 + o. Calculate the greatest common divisor of d and h.
1
Let h(d) = 57*d + 182. Let s be h(10). Calculate the greatest common divisor of 8 and s.
8
Suppose d = -2*x + 3*x - 34, -2*d = -x + 32. Suppose -3*s - x = -12*s. What is the greatest common factor of 12 and s?
4
Suppose 0 = -4*c + 3*c + 4. Let y(z) = z**2 + z - 14. Let i be y(c). Calculate the greatest common factor of 2 and i.
2
Let p = -6 - -16. Let g = p - 8. Suppose g*r = -r - c + 186, -5*r + 306 = 3*c. Calculate the highest common divisor of r and 7.
7
Suppose 2*x - 7 = 1. Let a be (x/10)/((-4)/(-20)). Suppose 3*v = -z - 2*v - 8, -z + 3*v + 8 = 0. What is the greatest common divisor of z and a?
2
Let b(l) = -l - 14. Let r be b(-16). Let v be (0 + (1 - r))*-7. What is the greatest common factor of 7 and v?
7
Let z(o) = -o**2 + 5*o + 8. Let c be z(4). Suppose -c + 2 = -2*s. Suppose -4*j = -s*l - 45, -j = -0*l + 4*l - 6. What is the highest common factor of j and 10?
10
Let l(z) = z**3 - 10*z**2 - 2*z + 26. Let g be l(11). Calculate the highest common factor of g and 50.
25
Suppose -5*m = 5*d - 380, 3*d + 73 = 4*d - 2*m. Calculate the greatest common factor of d and 25.
25
Suppose 3*h - 9 = 4*t, -5*h + t + 29 = -3. Let p = 484 - 421. Calculate the greatest common factor of h and p.
7
Suppose 5*o - 2*m + 26 = -0*m, 3*o = -4*m. Let z(a) = -a + 8. Let h be z(o). What is the greatest common divisor of h and 12?
12
Let m = -13 + 3. Let l(q) = -q**2 - 11*q - 2. Let p be l(m). Calculate the highest common factor of 20 and p.
4
Suppose -r + 211 = 19. Suppose -f = -3*f + r. What is the greatest common factor of f and 64?
32
Let x(o) = 3*o**2 + 5*o + 2. Let u be x(-3). Let t be (24/(-60))/(98/50 + -2). Let g be (-7)/((-35)/13) + (-6)/t. What is the highest common factor of u and g?
2
Let g = 300 - 206. Suppose -g + 30 = -8*k. What is the greatest common divisor of k and 20?
4
Let c be 15